 2621, 3*b - 5*m - 1232 = 770. What is the hundreds digit of b?
6
Let k(v) = -4 - 7 + 2*v**2 + 4*v + 7. What is the units digit of k(4)?
4
Let s(y) = y**2 - 3*y + 14. Let r = -20 - -14. What is the tens digit of s(r)?
6
Suppose -3*k + 105 + 165 = 0. Suppose 4*u + 97 + k = 5*j, 4*j - u - 154 = 0. What is the tens digit of j?
3
Suppose 15*g - 286 = 269. What is the tens digit of g?
3
Let y = -579 - -1103. What is the tens digit of y?
2
Let a = 8 + -3. Suppose 0 = -3*c - 4*b + b + 87, -a*b - 41 = -c. What is the units digit of c?
1
Let g be (90/(-36))/((-1)/2). Suppose -g*a = -108 - 7. What is the tens digit of a?
2
Let k(g) = 19*g + 13. Let q be k(6). Let c = 333 - q. What is the hundreds digit of c?
2
Let l(c) = 9*c**3 - 32*c**2 + 34*c - 89. Let a(u) = -5*u**3 + 16*u**2 - 17*u + 44. Let s(f) = -7*a(f) - 4*l(f). What is the hundreds digit of s(14)?
2
Let o(z) = z**2 - 3*z + 2. Let c be o(4). Suppose -c = -n + 4*n. What is the units digit of (-98)/35*5/n?
7
Let n = 0 - -4. Suppose -f - 24 = -n*f. Let w = 11 + f. What is the tens digit of w?
1
Let s(h) = 3*h. Let q(f) = -104*f**2 - 48*f. Let z(g) = -11*g**2 - 5*g. Let c(v) = 5*q(v) - 48*z(v). Let l be c(1). What is the units digit of s(l)?
4
Suppose -7*b = -10*b + 1158. What is the tens digit of b?
8
Let m = 101 - -32. What is the hundreds digit of m?
1
Let k = 412 + -590. Let h = k - -335. What is the tens digit of h?
5
Let u = 9018 + -5138. What is the units digit of u?
0
What is the thousands digit of ((-1)/4)/1 + 30948/16?
1
Let x(n) = 1 + 0 + 12 - 8 + n. What is the tens digit of x(6)?
1
Suppose -4*i + 13048 = 2*a, 4*a + 24 = 8. What is the tens digit of i?
6
Let d = 71 + -75. What is the units digit of (d/4 + 0 + 0)*-2?
2
Suppose -2*o - 4 = -2*x - 38, 5*x - 35 = -5*o. Let m be (o/9)/(4/(-6)). What is the tens digit of 11 + m + -2 + 3?
1
Let x be -150 - 1/(-1 - -2). Let h(s) = s**3 + 19*s**2 - 17*s - 17. Let t be h(-20). Let j = t - x. What is the tens digit of j?
7
Let t(x) = 5*x**2 - 16*x + 10. Let q be -4 + (32/4 - -2). What is the tens digit of t(q)?
9
Let m(x) = 3*x**3 + x**2 + 6*x + 4. Let f be m(-1). Let h(u) = u - u + 0*u - 9 - 8*u. What is the units digit of h(f)?
3
Suppose -u = 1, q + 3*u - 13 + 1 = 0. Suppose q*m = 16*m - 127. What is the units digit of m?
7
Let z = -143 - -54. Let f = 16 - z. What is the hundreds digit of f?
1
Suppose -y + 5*o - 13 = 2*y, o - 21 = -4*y. Suppose 2*r - y*r + 8 = 0. Let x = 27 - r. What is the units digit of x?
3
What is the thousands digit of (190/(-3))/(((-4)/(-69))/(-2))?
2
Let b(i) = 4*i. Let h(p) = 2*p. Let u(f) = 3*b(f) - 5*h(f). Let d be u(2). Suppose 4*x - 108 = -d*k, k + 5*x = -12 + 43. What is the units digit of k?
6
Suppose 3*b - 8 = -4*q + 12, 3*q - 15 = b. Let i = -46 - -99. Suppose 4*x - 203 - i = b. What is the units digit of x?
4
Let m be (4/3)/((-4)/6). What is the units digit of (m - -1)/((-2)/148)?
4
Let o be 30*(-1)/(20/(-8)). Suppose o = 3*w + 3. Suppose w*s + 0 - 36 = 0. What is the units digit of s?
2
What is the thousands digit of 144816/105 - (-1)/(-5)?
1
Let z(b) = 11*b**2 + 83*b + 26. What is the thousands digit of z(-21)?
3
Let i(w) = -7*w**3 - w**2 - w + 1. Let o(p) = 13*p**3 + p**2 + p - 1. Let f(g) = 11*i(g) + 6*o(g). What is the tens digit of f(6)?
1
Let a(z) = 8*z**3 - 19*z**2 + 69*z + 8. What is the units digit of a(9)?
2
Suppose -g = -5*g + 60. Let o be g/21 - 6/(-21). Suppose 3*i - 43 = -o. What is the units digit of i?
4
Let f(n) be the second derivative of n**4/12 + n**3/2 - n**2 + 2*n. Let h be f(4). Suppose 3*l + x = 34, 4*x = 6 - h. What is the tens digit of l?
1
Let v(r) = 51*r. Let i be v(-2). Let y be i/(-2) + (-4)/2. Suppose 0 = 2*m - y + 3. What is the tens digit of m?
2
Let d be (-767)/13 - 4/1. Let j be (-5220)/d - (-1)/7. Suppose -v = 2*s - 2*v - j, 4*s = -5*v + 145. What is the tens digit of s?
4
Let f be -4 + -14 + 5 + 1. Let n = f + 62. What is the tens digit of n?
5
Let k be (-6)/(-18) + (-2)/6. Suppose k = -3*n - 4*q + 18, n + 13 = 5*q - 0*q. What is the tens digit of (-2 - -4)/(n/44)?
4
What is the tens digit of (3/(-6) - (-70565)/22)/3?
6
What is the hundreds digit of (-1 - 2) + -1 + 801?
7
Let r(x) = -16*x. Let l be r(-2). Let m = -2 + l. What is the units digit of m?
0
Let z(v) = 9*v + 7. Let g be z(14). Let t = 420 - g. What is the units digit of t?
7
Let g be (1 + 0)/(-1) + 3. Suppose 2*c = 4*q - 2*c + 24, 0 = -4*c + 20. What is the units digit of 21 - 1*(g - q)?
8
Let n be 4/6 + (-2)/3. Suppose -m + 7*z - 3*z = n, -19 = 4*m + 3*z. Let i(p) = -p**2 - 8*p + 2. What is the units digit of i(m)?
8
Let v(s) = -s**3 - 2*s**2 + 4*s - 20. What is the tens digit of v(-9)?
1
What is the tens digit of 5 - -106 - ((-3)/1 + 1)?
1
Let f be 252/15*200/(-3). What is the units digit of -6*(f/(-15))/(-7)?
4
Suppose -1280 = 5*m - 3*r, 0 = -2*r + 3*r + 5. What is the tens digit of m/(-9) + (-4)/(-18)?
2
Suppose -4*q + 749 = -79. Suppose -5*s - 339 = -4*w, -2*w - 8*s = -3*s - q. What is the tens digit of w?
9
Suppose f + 2*i = -22 + 479, -i = -2. What is the tens digit of f?
5
Let u = 272 - 127. What is the tens digit of u?
4
Let k(m) = 2*m**2 + 20*m + 1. Let z be k(-14). Suppose z*s = 114*s - 28. What is the tens digit of s?
2
Let v be -4 - (-4 + -60*1). Suppose v*p + 635 = 65*p. What is the units digit of p?
7
Let h = -8 + 11. Suppose -h*u + 56 = 4*q, -3*q + 4*q - 14 = 3*u. What is the tens digit of q?
1
Let f = 51 - 23. Let p be (-17)/(-4) + (-7)/f. Suppose 106 = p*g - 30. What is the tens digit of g?
3
Let c(l) = 237*l + 2. What is the units digit of c(3)?
3
Let h(d) be the first derivative of 2*d**3 + 5*d + 9/2*d**2 - 1/4*d**4 - 1. What is the units digit of h(7)?
9
Let c(u) = u**3 + 2*u**2 + 2*u + 2408. What is the units digit of c(0)?
8
Suppose 59*g - 67*g = -18360. What is the hundreds digit of g?
2
Suppose -2*t - 94 = 3*t + 2*u, -2*t - 2*u - 34 = 0. Let w(j) = 19*j**2 + 3*j + 4. Let c be w(-1). Let g = c - t. What is the tens digit of g?
4
Let l be (2 + 0 - 2)/(-3). Suppose 3*m + 9 = -4*p, l = -6*p + 2*p + 5*m + 15. Let q(j) = j**3 + 24. What is the tens digit of q(p)?
2
Let d(f) = -487*f + 307. What is the hundreds digit of d(-4)?
2
Suppose -3*q - 2*h + 18 = 0, 17 = 4*q - 2*q + 3*h. Suppose q*a - 3*a - 91 = 0. What is the tens digit of a?
9
Suppose -j = 4*d - 4, -4*d + 5*j = 21 - 1. Suppose d = -4*x + 2*x + 6. Suppose 0 = -6*c + x*c + 30. What is the tens digit of c?
1
Suppose 0*w + 4*w - 16 = 0. Suppose w*i + 4 = -0. What is the units digit of (105/14)/(i/(-10))?
5
Suppose v + 2*s - 286 = 0, -2*v = -5*v + 2*s + 858. What is the units digit of v?
6
Let d = 9 - 7. Suppose 4*y - 3*y - d = 0. Suppose 4*x + 7 = -5*z, -y*x = z - 0*z - 1. What is the units digit of x?
2
Let l = 17 - 15. Suppose 0 = 4*y + 2*r - 34, 1 + 1 = l*r. Suppose -3*g - 17 = -4*m, -2*m - 8*g = -4*g + y. What is the units digit of m?
2
Suppose 0 = -t - 4*h - 21, -1 = -t + h + 3. Let r = t - 1. Let y = 9 - r. What is the units digit of y?
1
Let m(t) = 8*t. Let v be m(1). Let a(h) = -4*h + 0 + 6 - v. What is the tens digit of a(-8)?
3
Let y(a) be the second derivative of a**4/2 + 2*a**3 - 6*a**2 - 3*a. What is the units digit of y(-6)?
2
Let m be 3 - (-4 + -4 - -5). Let b = 37 + m. What is the units digit of b?
3
Suppose -13556 = -5*x + 3*t, -x + t + 2702 = 5*t. What is the hundreds digit of x?
7
Let f(q) = -4*q**2 + 3 + 3*q**2 - 7*q + 4 + 2. Let h = -9 + 2. What is the units digit of f(h)?
9
Suppose -4*g = -8*g + 12. Suppose g*a = -5*n - 34, -4*n - 8 - 16 = 4*a. Let u = 30 + n. What is the units digit of u?
2
Let x be -3*(-2)/(24/(-100)). Let b be 1 + 2 - 1 - x. Suppose 0 = 3*n - b - 0. What is the units digit of n?
9
What is the tens digit of (-20 - -2)*(-136)/12?
0
Let s(y) = 41*y**2 - 3*y + 15. What is the units digit of s(4)?
9
Let s(g) = 5*g. Suppose -6*w - 65 = 1. Let v be s(w). What is the units digit of 194/22 + (-10)/v?
9
Let t be 1223/5 - 2/(-5). Let d = t - 100. Suppose d = -15*h + 20*h. What is the tens digit of h?
2
Let m(p) = -p + 25. Let g(i) = i - 51. Let c(v) = 2*g(v) + 5*m(v). What is the units digit of c(-8)?
7
Let f(q) = 12*q - 9. Suppose 7*h + 20 = 12*h. What is the units digit of f(h)?
9
Let h = -120 - -66. Let l = 74 + h. What is the tens digit of l?
2
Let z(h) = 75*h**2 + h - 1. Let m be z(-2). Suppose 0 = -3*